0 - (0 + 0 + 5)?
-4
Evaluate -11 + -12 - (-2 + 3 + -7 + -1).
-16
What is 18 - (11 - (-17 + 10))?
0
Evaluate 32 - 17 - 25 - 1.
-11
Evaluate -9 + 6 + 8 + -11.
-6
What is (-7 - -8 - -23) + (-3 - (-2 + 0))?
23
Evaluate 8 + -2 + -8 + (1 - -2) + -3.
-2
(2 - (-2 + -2)) + 4 - (71 + -72)
11
What is the value of 10 - ((10 - 14) + 7)?
7
Calculate (0 + 2 - -1) + (-28 - (-5 + -9)).
-11
What is 3 - (0 - 8 - (-14 + 3))?
0
1 + 15 + (-3 - -5 - 5) + 0
13
-10 - (-7 + 4 + 0)
-7
(2 - -2) + (5 - 2) + (-30 - -19)
-4
What is -18 + (8 - (7 - (-2 - (-5 + -1))))?
-13
What is -11 - (-17 - (7 + -14)) - 9?
-10
Evaluate -2 - -15 - (-10 - -2 - (-6 + -5)).
10
Calculate (1 - (-6 + -12)) + -15.
4
Evaluate (-6 - 3) + 1 + 22 + -23.
-9
What is (231 - 234) + (0 - 0)?
-3
Calculate -13 + (-17 - -40) + -18.
-8
Evaluate 9 - (-28 + -7) - (-6 + 15 + -1).
36
What is (2 - (-1 - 9)) + 0 + -1?
11
Evaluate 5 - -27 - 7 - 11 - -2.
16
What is the value of -22 + 26 + (-1 - -7) + -8?
2
What is 19 + -19 + (-3 - 2)?
-5
What is 29 - (-37 + 36 + 9)?
21
Calculate 2 + -17 - ((1 - 9) + 11).
-18
What is the value of -18 - -1 - (-10 + -33 + 30)?
-4
-10 + -13 + 2 + 10
-11
Calculate -7 + -1 + (217 - 194).
15
Calculate -40 + 49 - (4 + -1).
6
What is the value of -12 + (-3 - (-3 + -15) - 9)?
-6
What is the value of (17 + 19 + -26 - 16) + (-31 - 1)?
-38
Calculate 4 - 19 - 0 - -19.
4
Evaluate -1 + 0 + 2 + (-6 - (108 - 87)).
-26
Evaluate 4 + 35 + 3 - 32.
10
Evaluate -11 - (-32 + (-11 - -22)) - 0.
10
Calculate (67 - 72 - (0 + 5)) + -3.
-13
3 - (2 + (3 - (-1 + -1)) + 6)
-10
What is 38 - 56 - -12 - 22?
-28
-6 + 0 + -68 + 24 + 44
-6
What is 7 - (-8 - ((9 - 0) + -12)) - -10?
22
Evaluate -13 - (18 - (-16 - -42)).
-5
Evaluate -24 - ((1 + -2 - 1) + -6).
-16
Calculate (5 + -6 - -5) + (7 - -2 - 1).
12
What is the value of 4 + -4 + 7 + -7 + -6 + -3?
-9
What is the value of -26 - -13 - (2 + (7 - (1 + 2)))?
-19
What is 2 + (-20 + (-9 - -26) - (6 - 1))?
-6
What is the value of 16 + (0 - 5) + -2 + -16?
-7
What is (-21 + 6 - -8 - -11) + -1?
3
What is the value of -1 + 6 - (392 - 372)?
-15
Calculate 6 + (54 + -12 - 34).
14
What is (8 - (-7 - -3)) + 3?
15
What is 110 - 108 - (-9 + (0 - 0))?
11
Calculate 12 - 29 - -35 - (-3 - (-6 + 2)).
17
Evaluate 15 - (-17 + (10 - -18)) - (0 + 3).
1
Calculate -3 - (7 + -13) - -20 - (-3 + 1).
25
Evaluate (2 - 9) + 241 + -242.
-8
What is (31 - 11) + -20 - -16?
16
Calculate 3 + (-13 - (-18 - -6)).
2
Evaluate 36 + 15 + -21 - (5 + 5).
20
25 + (-16 - 11) + -24
-26
Evaluate -12 + 6 + -28 - -32.
-2
Calculate (0 - -8) + 13 + -52 + 42.
11
What is -2 - -13 - (-30 - -53)?
-12
What is the value of -728 + 724 + 1 + 1 + -12?
-14
Calculate 35 + -48 + (10 - -4).
1
-2 + -8 + -3 - (-214 + 189)
12
What is the value of 8 + (7 - (16 + 38) - -17)?
-22
6 + -1 - (590 + -601)
16
What is 7 - (1 + 14 + 3)?
-11
(-19 - (-16 + -5)) + (-5 - 2 - 4)
-9
Evaluate -176 - -162 - (-1 + -3).
-10
What is the value of (-7 - 5) + 32 - 27?
-7
6 + 3 + (7 - 8) + (0 - -2)
10
What is the value of (1 + -3 - 9) + 7 + -2?
-6
Evaluate (-23 - -24) + (1 - -13 - (-5 + 3)).
17
Evaluate 1 - -11 - (-151 + 161).
2
-3 - (-27 + -7 + 20) - -11
22
Evaluate 42 + -24 + (-24 - -22).
16
Calculate -25 + (-22 - -78) + -24.
7
What is the value of -1 + -1 + -5 + -53 + 41?
-19
What is the value of 8 + (3 - (3 - 1))?
9
Evaluate (-6 - (1 + (-4 - -6)) - -1) + 18.
10
-1 + (5 + -2 - 12)
-10
Calculate (3 - 22) + 9 + (-11 - (-4 + 1)).
-18
What is the value of 29 + 5 + -20 + 14 + 2?
30
(1 - (6 + -1)) + -27 + 38
7
What is the value of 10 - (11 - 24 - -8 - -8)?
7
What is the value of 4 + (-1 - -5 - 0 - (-105 - -92))?
21
Evaluate 91 + -89 + 2 + -2.
2
What is 26 + (-10 + -4 - -10)?
22
What is (11 - 19) + -1 - -6?
-3
6 + 5 + (0 - -3) + (-71 - -67)
10
0 + 7 - (15 - 3) - 5 - -5
-5
Calculate -35 + 24 - -28 - -5.
22
What is the value of (-1 + -4 - 14) + (13 - 5)?
-11
What is the value of -41 + 31 + -2 + 3?
-9
23 + 10 + (12 - 31)
14
Evaluate (-17 - -16 - (-3 + 8)) + 12.
6
Calculate 0 - 8 - (45 - 39).
-14
What is -21 + 2 - (0 + -9)?
-10
What is the value of 15 - (27 - 8 - -1)?
-5
What is the value of 38 + 0 + 447 + -468?
17
What is the value of (24 - 1) + (-34 - (5 - 22) - -19)?
25
What is the value of 2 + -31 + 37 + (33 - 63)?
-22
Calculate 2 + 10 + 7 + (12 - 24).
7
Evaluate (-18 + -7 - -52) + -7.
20
Calculate 1 + -42 + (25 - (12 + -7)) + -9.
-30
Evaluate 2 - (-2 - 0) - (-7 - (2 - 0)).
13
What is 6 + 0 - ((4 - -3) + (6 - 7))?
0
What is 21 - (6 - -33) - -27?
9
Evaluate 1 - -13 - (-246 + 253).
7
Evaluate 1 - 5 - (-15 + 26 - 20).
5
Evaluate -1 + 3 - -4 - ((3 - -21) + -24).
6
What is 1 + 4 + (128 - 131) + 8?
10
Calculate 2 - (2 - (-14 + -2)).
-16
Evaluate 9 + (5 + -10 + 11 - (-12 + 8)).
19
2 + (13 - 2) + -2 + (1 - 4)
8
Evaluate -4 - (4 + -19 + 13).
-2
What is the value of (2 - 3) + 1 + -12 + (-16 - -23)?
-5
-16 + 16 + 10 + -21
-11
(-32 - -14 - -34) + (0 - -3)
19
What is the value of 3 + -5 + -2 + -3 - (-15 + 10)?
-2
-14 + 8 + 8 + 2
4
(-6 + (4 - -8) + -12 - -9) + 5
8
What is 4 - (13 + -3 - 9)?
3
Evaluate (14 - 28) + -14 - -11.
-17
Evaluate (-146 - -136) + (-1 - (-24 - -1)).
12
What is -2 + 4 - ((-2 - 12) + 12)?
4
Evaluate -19 - (5 + -3) - ((-17 - 3) + 14).
-15
(-7 - -13) + (-12 - 5) + 8
-3
Calculate 19 - (27 + -42 + 17).
17
Evaluate 21 + -3 + 45 + 47 + -99.
11
Evaluate (-10 - -8) + 3 - (-1 + -2 + 4).
0
Calculate -7 - (25 + -15 - -11 - 12).
-16
What is the value of (69 - 122) + 47 - (-2 + -23)?
19
(1 - -6) + 63 + -63 + -14 + 5
-2
-23 - (-4 - (1 - -7))
-11
Evaluate (-4 + (-3 - -10) - (-22 - -22)) + 4.
7
Evaluate (309 - 336) + 18 + 1.
-8
What is -26 - (-6 + -8 - (-9 + 10))?
-11
-19 + (-184 - -171 - (1 - (11 + 1)))
-21
What is the value of (7 - 4 - -6) + 11 + -4 - -4?
20
What is -43 + (-4 - 12) + 36?
-23
-30 - -11 - (5 - 9)
-15
Evaluate 15 - (-1 - (-2 - -8)) - (-1 + 2).
21
What is -52 - -26 - (6 - (4 - (-2 + 2)))?
-28
(0 - 2) + (27 - 32) + -11 + 2
-16
Evaluate (98 - 90) + (-1 - 14).
-7
What is 5 + -16 + (-2 + -2 - 0)?
-15
What is the value of -3 - (-8 - -5) - 7 - (-1 + -4)?
-2
7 + ((0 - 2) + 0 - (7 - 1))
-1
Evaluate 7 - -1 - (229 + -219).
-2
Evaluate (0 - 5) + (-215 + 220 - (1 + 1)).
-2
3 + -3 + 9 + (26 - 29) + -12
-6
Calculate -3 + 0 + 5 + 7 + -5 + 0.
4
Calculate -19 - (-27 - (-30 + -5)).
-27
What is the value of (-17 - (6 + -18)) + -6?
-11
What is the value of (25 - 24) + -6 - (7 + 0)?
-12
What is (11 - -1) + (13 - (43 - 10))?
-8
What is the value of 60 + 1 + -14 + -21?
26
What is the value of -25 + 21 + 5 + 15?
16
What is -18 + (34 - (-19 - -34))?
1
What is the value of 0 - (-10 - (53 - 39))?
24
What is (0 - 0) + -2 - (-65 + 106 + -47)?
4
Calculate -9 - (4 + -5) - (59 + -53).
-14
What is 19 - (-6 - -11) - 7?
7
What is the value of -20 + 4 + 7 + -6 - -9?
-6
14 + (18 - (15 + 8))
9
Calculate -12 + 36 - (9 + 5).
10
(0 - -5) + (2 - (13 + -7)) + 2
3
What is 11 + 6 - (23 + 1)?
-7
What is (-9 - (-21 - -29)) + 11 + 26?
20
What is (1 - -1) + -1 - ((-17 - -2) + 13)?
3
What is the value of -34 - (-37 + 38 + -23)?
-12
Evaluate -1 + 11 + -12 + (8 - 12 - -12).
6
What is -2 + 1 + 0 + (19 - 11) + 8?
15
What is the value of -53 + 17 + 19 - (1 + -11)?
-7
What is -3 + 0 - (-11 - (-23 + 12)) - 8?
-11
What is the value of 31 + (-1 - (38 + -20) - (-6 + -3))?
21
Evaluate 3 - 4 - (-5 - (6 - 7) - -1).
2
What is the value of (27 - (74 + 30)) + 47?
-30
What is 111 + -72 - (-5 + 21)?
23
Calculate 2 + (5 - (12 - 5) - -8).
8
What is the value of 55 + -46 + 0 + -3?
6
Evaluate -2 - 0 - -8 - (27 + 7 + -34).
6
Evaluate -10 + (-19 - (5 - 9)) + -2.
-27
What is the value of (-9 - (8 + -4 + -4)) + 2?
-7
What is the value of (21 - 12) + 4 + -2 - -15?
26
-14 - (5 + -25) - 19
-13
15 - (75 + -35 + -10 + -1)
-14
What is -26 + (68 - 19) + -4?
19
Evaluate -15 + 23 - (6 + -7) - (11 + -1).
-1
Evaluate 1 - 5 - -6 - -1.
3
2 + -3 - -3 - (-7 - -14 - 10)
5
(1 - (-24 + (-8 - -8))) + 38 + -36
27
-12 + 6 + 12 - (-8 + -1)
15
What is the value of 29 + (2 - (4 - 9)) - (9 + 0)?
27
-5 - (-2 + -4 + 7) - 2
-8
(28 - 8 - 24) + (14 - 1) + 1
10
Evaluate 175 + -203 + (11 - -3).
-14
What is -4 + (-2 - 7) + 25?
12
What is the value of (3 - 6) + 5 + 13 + -7 + -7?
1
Calculate 12 + 8 - 11 - -3.
12
What is the value of 57 + 72 + -44 + -59?
26
What is 36 - 36 - ((9 - 0) + -7 + 23)?
-25
-15 - (1 + (22 - 44))
6
Calculate -20 - -2 - (-229 - -223).
-12
Calculate 